{"id":864,"date":"2021-05-31T15:48:41","date_gmt":"2021-05-31T13:48:41","guid":{"rendered":"https:\/\/groovit-dancestudio.com\/?page_id=864"},"modified":"2025-08-16T16:04:16","modified_gmt":"2025-08-16T14:04:16","slug":"blog-culture-swing-blues","status":"publish","type":"page","link":"https:\/\/groovit-dancestudio.com\/index.php\/blog-culture-swing-blues\/","title":{"rendered":"Blog Culture"},"content":{"rendered":"\t\t<div data-elementor-type=\"wp-page\" data-elementor-id=\"864\" class=\"elementor elementor-864\" data-elementor-settings=\"[]\">\n\t\t\t\t\t\t<div class=\"elementor-inner\">\n\t\t\t\t\t\t\t<div class=\"elementor-section-wrap\">\n\t\t\t\t\t\t\t<section class=\"elementor-section elementor-top-section elementor-element elementor-element-d0320a2 elementor-section-boxed elementor-section-height-default elementor-section-height-default parallax_section_no qode_elementor_container_no\" data-id=\"d0320a2\" data-element_type=\"section\">\n\t\t\t\t\t\t<div class=\"elementor-container elementor-column-gap-default\">\n\t\t\t\t\t\t\t<div class=\"elementor-row\">\n\t\t\t\t\t<div class=\"elementor-column elementor-col-100 elementor-top-column elementor-element elementor-element-d986084\" data-id=\"d986084\" data-element_type=\"column\">\n\t\t\t<div class=\"elementor-column-wrap elementor-element-populated\">\n\t\t\t\t\t\t\t<div class=\"elementor-widget-wrap\">\n\t\t\t\t\t\t<div class=\"elementor-element elementor-element-e9e745c elementor-widget elementor-widget-bridge_masonry_blog\" data-id=\"e9e745c\" data-element_type=\"widget\" data-widget_type=\"bridge_masonry_blog.default\">\n\t\t\t\t<div class=\"elementor-widget-container\">\n\t\t\t<div class='q_masonry_blog'><div class=\"q_masonry_blog_grid_sizer\"><\/div><div class=\"q_masonry_blog_grid_gutter\"><\/div><article  class='post-2935 post type-post status-publish format-standard has-post-thumbnail hentry category-portait category-uncategorized '><div class=\"q_masonry_blog_post_image\"><a itemprop=\"url\" href=\"https:\/\/groovit-dancestudio.com\/index.php\/2024\/11\/22\/bessie-smith-la-reine-du-blues-qui-a-secoue-le-monde\/\" target=\"_self\"><img decoding=\"async\" itemprop=\"image\" src=\"https:\/\/groovit-dancestudio.com\/wp-content\/uploads\/2024\/11\/bessie-smith-chapeau-getty-images-ok_0.jpg\" \/><\/a><\/div><div class=\"q_masonry_blog_post_text\"><h2 itemprop=\"name\" class=\"q_masonry_blog_title entry_title\"><a itemprop=\"url\" href=\"https:\/\/groovit-dancestudio.com\/index.php\/2024\/11\/22\/bessie-smith-la-reine-du-blues-qui-a-secoue-le-monde\/\">Bessie Smith : La Reine du Blues qui a Secou\u00e9 le Monde !<\/a><\/h2><p itemprop=\"description\" class=\"q_masonry_blog_excerpt\">Bessie Smith La Reine du Blues qui a secou\u00e9 le Monde ! Ah, Bessie Smith ! Si vous ne la connaissez pas encore, pr\u00e9parez-vous \u00e0 \u00eatre charm\u00e9 par cette l\u00e9gende du blues. Avec une voix capable de faire pleurer une pierre et un charisme rarement......<\/p><div class=\"q_masonry_blog_post_info\"><span itemprop=\"dateCreated\" class=\"time entry_date updated\">22 November, 2024<meta itemprop=\"interactionCount\" content=\"UserComments: <?php echo get_comments_number(qode_get_page_id()); ?>\"\/><\/span><\/div><\/div><\/article><article  class='post-2980 post type-post status-publish format-standard has-post-thumbnail hentry category-non-classe category-portait category-uncategorized '><div class=\"q_masonry_blog_post_image\"><a itemprop=\"url\" href=\"https:\/\/groovit-dancestudio.com\/index.php\/2024\/11\/28\/champion-jack-dupree-un-champion-du-blues-et-du-boogie-woogie\/\" target=\"_self\"><img decoding=\"async\" itemprop=\"image\" src=\"https:\/\/groovit-dancestudio.com\/wp-content\/uploads\/2024\/11\/6a00d8341c464853ef0240a4e24fab200b.jpg\" \/><\/a><\/div><div class=\"q_masonry_blog_post_text\"><h2 itemprop=\"name\" class=\"q_masonry_blog_title entry_title\"><a itemprop=\"url\" href=\"https:\/\/groovit-dancestudio.com\/index.php\/2024\/11\/28\/champion-jack-dupree-un-champion-du-blues-et-du-boogie-woogie\/\">Champion Jack Dupree : Un Champion du Blues et du Boogie-Woogie<\/a><\/h2><p itemprop=\"description\" class=\"q_masonry_blog_excerpt\">Champion Jack Dupree Un champion du blues et du boogie-woogie Si vous aimez le blues, le jazz et le rythme d\u00e9cha\u00een\u00e9 du boogie-woogie, alors vous \u00eates certainement tomb\u00e9s, \u00e0 un moment ou un autre, sur la musique de Champion Jack Dupree. Ce piani...<\/p><div class=\"q_masonry_blog_post_info\"><span itemprop=\"dateCreated\" class=\"time entry_date updated\">28 November, 2024<meta itemprop=\"interactionCount\" content=\"UserComments: <?php echo get_comments_number(qode_get_page_id()); ?>\"\/><\/span><\/div><\/div><\/article><article  class='post-2867 post type-post status-publish format-standard has-post-thumbnail hentry category-portait category-uncategorized '><div class=\"q_masonry_blog_post_image\"><a itemprop=\"url\" href=\"https:\/\/groovit-dancestudio.com\/index.php\/2024\/11\/13\/etta-james-la-reine-de-la-soul-et-du-blues\/\" target=\"_self\"><img decoding=\"async\" itemprop=\"image\" src=\"https:\/\/groovit-dancestudio.com\/wp-content\/uploads\/2024\/11\/Capture-de\u0301cran-2024-11-13-a\u0300-15.16.29-e1731508474135.png\" \/><\/a><\/div><div class=\"q_masonry_blog_post_text\"><h2 itemprop=\"name\" class=\"q_masonry_blog_title entry_title\"><a itemprop=\"url\" href=\"https:\/\/groovit-dancestudio.com\/index.php\/2024\/11\/13\/etta-james-la-reine-de-la-soul-et-du-blues\/\">Etta James : La reine de la soul et du blues<\/a><\/h2><p itemprop=\"description\" class=\"q_masonry_blog_excerpt\">Si l\u2019on parle de musique embl\u00e9matique, impossible de ne pas mentionner Etta James ! Avec sa voix envo\u00fbtante et son style inimitable, cette l\u00e9gende de la musique a marqu\u00e9 de son empreinte ind\u00e9l\u00e9bile le monde de la soul, du blues, et m\u00eame du s...<\/p><div class=\"q_masonry_blog_post_info\"><span itemprop=\"dateCreated\" class=\"time entry_date updated\">13 November, 2024<meta itemprop=\"interactionCount\" content=\"UserComments: <?php echo get_comments_number(qode_get_page_id()); ?>\"\/><\/span><\/div><\/div><\/article><article  class='post-810 post type-post status-publish format-standard has-post-thumbnail hentry category-portait category-uncategorized '><div class=\"q_masonry_blog_post_image\"><a itemprop=\"url\" href=\"https:\/\/groovit-dancestudio.com\/index.php\/2021\/05\/27\/tommaso\/\" target=\"_self\"><img decoding=\"async\" itemprop=\"image\" src=\"https:\/\/groovit-dancestudio.com\/wp-content\/uploads\/2021\/05\/Aubane_Paris_UB-14-scaled.jpg\" \/><\/a><\/div><div class=\"q_masonry_blog_post_text\"><h2 itemprop=\"name\" class=\"q_masonry_blog_title entry_title\"><a itemprop=\"url\" href=\"https:\/\/groovit-dancestudio.com\/index.php\/2021\/05\/27\/tommaso\/\">Tommaso Giuntini, photographe de danse<\/a><\/h2><p itemprop=\"description\" class=\"q_masonry_blog_excerpt\">Tommaso Giuntini Photographe de danse Qui es-tu ? Question existentielle pour commencer&nbsp;!Je suis Tommaso Giuntini, photographe humaniste, sp\u00e9cialis\u00e9 dans la photo de danse (et des arts de la sc\u00e8ne) et de portrait. Je suis n\u00e9 et ai grandi en ...<\/p><div class=\"q_masonry_blog_post_info\"><span itemprop=\"dateCreated\" class=\"time entry_date updated\">27 May, 2021<meta itemprop=\"interactionCount\" content=\"UserComments: <?php echo get_comments_number(qode_get_page_id()); ?>\"\/><\/span><\/div><\/div><\/article><\/div>\t\t<\/div>\n\t\t\t\t<\/div>\n\t\t\t\t\t\t<\/div>\n\t\t\t\t\t<\/div>\n\t\t<\/div>\n\t\t\t\t\t\t\t\t<\/div>\n\t\t\t\t\t<\/div>\n\t\t<\/section>\n\t\t\t\t\t\t<\/div>\n\t\t\t\t\t\t<\/div>\n\t\t\t\t\t<\/div>\n\t\t","protected":false},"excerpt":{"rendered":"<p>Bessie Smith : La Reine du Blues qui a Secou\u00e9 le Monde ! Bessie Smith La Reine du Blues qui a secou\u00e9 le Monde ! Ah, Bessie Smith ! Si vous ne la connaissez pas encore, pr\u00e9parez-vous \u00e0 \u00eatre charm\u00e9 par cette l\u00e9gende du blues&#8230;.<\/p>\n","protected":false},"author":1,"featured_media":0,"parent":0,"menu_order":0,"comment_status":"closed","ping_status":"closed","template":"","meta":{"footnotes":""},"class_list":["post-864","page","type-page","status-publish","hentry"],"yoast_head":"<!-- This site is optimized with the Yoast SEO plugin v16.8 - https:\/\/yoast.com\/wordpress\/plugins\/seo\/ -->\n<title>Blog Culture &gt; Groovit Dance studio<\/title>\n<meta name=\"robots\" content=\"index, follow, max-snippet:-1, max-image-preview:large, max-video-preview:-1\" \/>\n<link rel=\"canonical\" href=\"https:\/\/groovit-dancestudio.com\/index.php\/blog-culture-swing-blues\/\" \/>\n<meta property=\"og:locale\" content=\"en_US\" \/>\n<meta property=\"og:type\" content=\"article\" \/>\n<meta property=\"og:title\" content=\"Blog Culture &gt; Groovit Dance studio\" \/>\n<meta property=\"og:description\" content=\"Bessie Smith : La Reine du Blues qui a Secou\u00e9 le Monde ! Bessie Smith La Reine du Blues qui a secou\u00e9 le Monde ! Ah, Bessie Smith ! Si vous ne la connaissez pas encore, pr\u00e9parez-vous \u00e0 \u00eatre charm\u00e9 par cette l\u00e9gende du blues....\" \/>\n<meta property=\"og:url\" content=\"https:\/\/groovit-dancestudio.com\/index.php\/blog-culture-swing-blues\/\" \/>\n<meta property=\"og:site_name\" content=\"Groovit Dance studio\" \/>\n<meta property=\"article:publisher\" content=\"https:\/\/www.facebook.com\/dancestudiogroovit\" \/>\n<meta property=\"article:modified_time\" content=\"2025-08-16T14:04:16+00:00\" \/>\n<meta property=\"og:image\" content=\"https:\/\/groovit-dancestudio.com\/wp-content\/uploads\/2024\/11\/bessie-smith-chapeau-getty-images-ok_0.jpg\" \/>\n<meta name=\"twitter:card\" content=\"summary_large_image\" \/>\n<script type=\"application\/ld+json\" class=\"yoast-schema-graph\">{\"@context\":\"https:\/\/schema.org\",\"@graph\":[{\"@type\":\"Organization\",\"@id\":\"https:\/\/groovit-dancestudio.com\/#organization\",\"name\":\"Groov'it Dance Studio\",\"url\":\"https:\/\/groovit-dancestudio.com\/\",\"sameAs\":[\"https:\/\/www.facebook.com\/dancestudiogroovit\",\"https:\/\/www.instagram.com\/groovit_dancestudio\/?hl=fr\"],\"logo\":{\"@type\":\"ImageObject\",\"@id\":\"https:\/\/groovit-dancestudio.com\/#logo\",\"inLanguage\":\"en-US\",\"url\":\"https:\/\/groovit-dancestudio.com\/wp-content\/uploads\/2020\/07\/logo_bordeaux.png\",\"contentUrl\":\"https:\/\/groovit-dancestudio.com\/wp-content\/uploads\/2020\/07\/logo_bordeaux.png\",\"width\":572,\"height\":577,\"caption\":\"Groov'it Dance Studio\"},\"image\":{\"@id\":\"https:\/\/groovit-dancestudio.com\/#logo\"}},{\"@type\":\"WebSite\",\"@id\":\"https:\/\/groovit-dancestudio.com\/#website\",\"url\":\"https:\/\/groovit-dancestudio.com\/\",\"name\":\"Groovit Dance studio\",\"description\":\"Premi\\u00e8re \\u00e9cole de danse blues et swing \\u00e0 Paris et Montreuil\",\"publisher\":{\"@id\":\"https:\/\/groovit-dancestudio.com\/#organization\"},\"potentialAction\":[{\"@type\":\"SearchAction\",\"target\":{\"@type\":\"EntryPoint\",\"urlTemplate\":\"https:\/\/groovit-dancestudio.com\/?s={search_term_string}\"},\"query-input\":\"required name=search_term_string\"}],\"inLanguage\":\"en-US\"},{\"@type\":\"ImageObject\",\"@id\":\"https:\/\/groovit-dancestudio.com\/index.php\/blog-culture-swing-blues\/#primaryimage\",\"inLanguage\":\"en-US\",\"url\":\"https:\/\/groovit-dancestudio.com\/wp-content\/uploads\/2024\/11\/bessie-smith-chapeau-getty-images-ok_0.jpg\",\"contentUrl\":\"https:\/\/groovit-dancestudio.com\/wp-content\/uploads\/2024\/11\/bessie-smith-chapeau-getty-images-ok_0.jpg\",\"width\":1964,\"height\":1104,\"caption\":\"Bessie Smith\"},{\"@type\":\"WebPage\",\"@id\":\"https:\/\/groovit-dancestudio.com\/index.php\/blog-culture-swing-blues\/#webpage\",\"url\":\"https:\/\/groovit-dancestudio.com\/index.php\/blog-culture-swing-blues\/\",\"name\":\"Blog Culture &gt; Groovit Dance studio\",\"isPartOf\":{\"@id\":\"https:\/\/groovit-dancestudio.com\/#website\"},\"primaryImageOfPage\":{\"@id\":\"https:\/\/groovit-dancestudio.com\/index.php\/blog-culture-swing-blues\/#primaryimage\"},\"datePublished\":\"2021-05-31T13:48:41+00:00\",\"dateModified\":\"2025-08-16T14:04:16+00:00\",\"breadcrumb\":{\"@id\":\"https:\/\/groovit-dancestudio.com\/index.php\/blog-culture-swing-blues\/#breadcrumb\"},\"inLanguage\":\"en-US\",\"potentialAction\":[{\"@type\":\"ReadAction\",\"target\":[\"https:\/\/groovit-dancestudio.com\/index.php\/blog-culture-swing-blues\/\"]}]},{\"@type\":\"BreadcrumbList\",\"@id\":\"https:\/\/groovit-dancestudio.com\/index.php\/blog-culture-swing-blues\/#breadcrumb\",\"itemListElement\":[{\"@type\":\"ListItem\",\"position\":1,\"name\":\"Home\",\"item\":\"https:\/\/groovit-dancestudio.com\/\"},{\"@type\":\"ListItem\",\"position\":2,\"name\":\"Blog Culture\"}]}]}<\/script>\n<!-- \/ Yoast SEO plugin. -->","yoast_head_json":{"title":"Blog Culture &gt; Groovit Dance studio","robots":{"index":"index","follow":"follow","max-snippet":"max-snippet:-1","max-image-preview":"max-image-preview:large","max-video-preview":"max-video-preview:-1"},"canonical":"https:\/\/groovit-dancestudio.com\/index.php\/blog-culture-swing-blues\/","og_locale":"en_US","og_type":"article","og_title":"Blog Culture &gt; Groovit Dance studio","og_description":"Bessie Smith : La Reine du Blues qui a Secou\u00e9 le Monde ! Bessie Smith La Reine du Blues qui a secou\u00e9 le Monde ! Ah, Bessie Smith ! Si vous ne la connaissez pas encore, pr\u00e9parez-vous \u00e0 \u00eatre charm\u00e9 par cette l\u00e9gende du blues....","og_url":"https:\/\/groovit-dancestudio.com\/index.php\/blog-culture-swing-blues\/","og_site_name":"Groovit Dance studio","article_publisher":"https:\/\/www.facebook.com\/dancestudiogroovit","article_modified_time":"2025-08-16T14:04:16+00:00","og_image":[{"url":"https:\/\/groovit-dancestudio.com\/wp-content\/uploads\/2024\/11\/bessie-smith-chapeau-getty-images-ok_0.jpg"}],"twitter_card":"summary_large_image","schema":{"@context":"https:\/\/schema.org","@graph":[{"@type":"Organization","@id":"https:\/\/groovit-dancestudio.com\/#organization","name":"Groov'it Dance Studio","url":"https:\/\/groovit-dancestudio.com\/","sameAs":["https:\/\/www.facebook.com\/dancestudiogroovit","https:\/\/www.instagram.com\/groovit_dancestudio\/?hl=fr"],"logo":{"@type":"ImageObject","@id":"https:\/\/groovit-dancestudio.com\/#logo","inLanguage":"en-US","url":"https:\/\/groovit-dancestudio.com\/wp-content\/uploads\/2020\/07\/logo_bordeaux.png","contentUrl":"https:\/\/groovit-dancestudio.com\/wp-content\/uploads\/2020\/07\/logo_bordeaux.png","width":572,"height":577,"caption":"Groov'it Dance Studio"},"image":{"@id":"https:\/\/groovit-dancestudio.com\/#logo"}},{"@type":"WebSite","@id":"https:\/\/groovit-dancestudio.com\/#website","url":"https:\/\/groovit-dancestudio.com\/","name":"Groovit Dance studio","description":"Premi\u00e8re \u00e9cole de danse blues et swing \u00e0 Paris et Montreuil","publisher":{"@id":"https:\/\/groovit-dancestudio.com\/#organization"},"potentialAction":[{"@type":"SearchAction","target":{"@type":"EntryPoint","urlTemplate":"https:\/\/groovit-dancestudio.com\/?s={search_term_string}"},"query-input":"required name=search_term_string"}],"inLanguage":"en-US"},{"@type":"ImageObject","@id":"https:\/\/groovit-dancestudio.com\/index.php\/blog-culture-swing-blues\/#primaryimage","inLanguage":"en-US","url":"https:\/\/groovit-dancestudio.com\/wp-content\/uploads\/2024\/11\/bessie-smith-chapeau-getty-images-ok_0.jpg","contentUrl":"https:\/\/groovit-dancestudio.com\/wp-content\/uploads\/2024\/11\/bessie-smith-chapeau-getty-images-ok_0.jpg","width":1964,"height":1104,"caption":"Bessie Smith"},{"@type":"WebPage","@id":"https:\/\/groovit-dancestudio.com\/index.php\/blog-culture-swing-blues\/#webpage","url":"https:\/\/groovit-dancestudio.com\/index.php\/blog-culture-swing-blues\/","name":"Blog Culture &gt; Groovit Dance studio","isPartOf":{"@id":"https:\/\/groovit-dancestudio.com\/#website"},"primaryImageOfPage":{"@id":"https:\/\/groovit-dancestudio.com\/index.php\/blog-culture-swing-blues\/#primaryimage"},"datePublished":"2021-05-31T13:48:41+00:00","dateModified":"2025-08-16T14:04:16+00:00","breadcrumb":{"@id":"https:\/\/groovit-dancestudio.com\/index.php\/blog-culture-swing-blues\/#breadcrumb"},"inLanguage":"en-US","potentialAction":[{"@type":"ReadAction","target":["https:\/\/groovit-dancestudio.com\/index.php\/blog-culture-swing-blues\/"]}]},{"@type":"BreadcrumbList","@id":"https:\/\/groovit-dancestudio.com\/index.php\/blog-culture-swing-blues\/#breadcrumb","itemListElement":[{"@type":"ListItem","position":1,"name":"Home","item":"https:\/\/groovit-dancestudio.com\/"},{"@type":"ListItem","position":2,"name":"Blog Culture"}]}]}},"_links":{"self":[{"href":"https:\/\/groovit-dancestudio.com\/index.php\/wp-json\/wp\/v2\/pages\/864","targetHints":{"allow":["GET"]}}],"collection":[{"href":"https:\/\/groovit-dancestudio.com\/index.php\/wp-json\/wp\/v2\/pages"}],"about":[{"href":"https:\/\/groovit-dancestudio.com\/index.php\/wp-json\/wp\/v2\/types\/page"}],"author":[{"embeddable":true,"href":"https:\/\/groovit-dancestudio.com\/index.php\/wp-json\/wp\/v2\/users\/1"}],"replies":[{"embeddable":true,"href":"https:\/\/groovit-dancestudio.com\/index.php\/wp-json\/wp\/v2\/comments?post=864"}],"version-history":[{"count":19,"href":"https:\/\/groovit-dancestudio.com\/index.php\/wp-json\/wp\/v2\/pages\/864\/revisions"}],"predecessor-version":[{"id":3611,"href":"https:\/\/groovit-dancestudio.com\/index.php\/wp-json\/wp\/v2\/pages\/864\/revisions\/3611"}],"wp:attachment":[{"href":"https:\/\/groovit-dancestudio.com\/index.php\/wp-json\/wp\/v2\/media?parent=864"}],"curies":[{"name":"wp","href":"https:\/\/api.w.org\/{rel}","templated":true}]}}